{"id":760,"date":"2023-04-23T16:20:22","date_gmt":"2023-04-23T19:20:22","guid":{"rendered":"https:\/\/projetobamboo.com\/index.php\/sobre-o-festival\/"},"modified":"2025-05-12T12:29:03","modified_gmt":"2025-05-12T15:29:03","slug":"sobre-o-projeto","status":"publish","type":"page","link":"https:\/\/projetobamboo.com\/index.php\/sobre-o-projeto\/","title":{"rendered":"Sobre o projeto"},"content":{"rendered":"\t\t<div data-elementor-type=\"wp-page\" data-elementor-id=\"760\" class=\"elementor elementor-760\">\n\t\t\t\t\t\t\t\t\t<section class=\"elementor-section elementor-top-section elementor-element elementor-element-283fb20d elementor-section-boxed elementor-section-height-default elementor-section-height-default\" data-id=\"283fb20d\" data-element_type=\"section\" data-settings=\"{&quot;background_background&quot;:&quot;classic&quot;}\">\n\t\t\t\t\t\t\t<div class=\"elementor-background-overlay\"><\/div>\n\t\t\t\t\t\t\t<div class=\"elementor-container elementor-column-gap-default\">\n\t\t\t\t\t<div class=\"elementor-column elementor-col-100 elementor-top-column elementor-element elementor-element-387c98ae\" data-id=\"387c98ae\" data-element_type=\"column\">\n\t\t\t<div class=\"elementor-widget-wrap elementor-element-populated\">\n\t\t\t\t\t\t\t\t<div class=\"elementor-element elementor-element-425a782c elementor-widget elementor-widget-heading\" data-id=\"425a782c\" data-element_type=\"widget\" data-widget_type=\"heading.default\">\n\t\t\t\t<div class=\"elementor-widget-container\">\n\t\t\t<style>\/*! elementor - v3.12.2 - 23-04-2023 *\/\n.elementor-heading-title{padding:0;margin:0;line-height:1}.elementor-widget-heading .elementor-heading-title[class*=elementor-size-]>a{color:inherit;font-size:inherit;line-height:inherit}.elementor-widget-heading .elementor-heading-title.elementor-size-small{font-size:15px}.elementor-widget-heading .elementor-heading-title.elementor-size-medium{font-size:19px}.elementor-widget-heading .elementor-heading-title.elementor-size-large{font-size:29px}.elementor-widget-heading .elementor-heading-title.elementor-size-xl{font-size:39px}.elementor-widget-heading .elementor-heading-title.elementor-size-xxl{font-size:59px}<\/style><h2 class=\"elementor-heading-title elementor-size-default\">SOBRE O PROJETO BAMBOO<\/h2>\t\t<\/div>\n\t\t\t\t<\/div>\n\t\t\t\t\t<\/div>\n\t\t<\/div>\n\t\t\t\t\t\t\t<\/div>\n\t\t<\/section>\n\t\t\t\t<section class=\"elementor-section elementor-top-section elementor-element elementor-element-3e3ac33e elementor-section-boxed elementor-section-height-default elementor-section-height-default\" data-id=\"3e3ac33e\" data-element_type=\"section\" data-settings=\"{&quot;background_background&quot;:&quot;classic&quot;}\">\n\t\t\t\t\t\t\t<div class=\"elementor-background-overlay\"><\/div>\n\t\t\t\t\t\t\t<div class=\"elementor-container elementor-column-gap-default\">\n\t\t\t\t\t<div class=\"elementor-column elementor-col-100 elementor-top-column elementor-element elementor-element-53d94f6c\" data-id=\"53d94f6c\" data-element_type=\"column\">\n\t\t\t<div class=\"elementor-widget-wrap elementor-element-populated\">\n\t\t\t\t\t\t\t\t<div class=\"elementor-element elementor-element-1d65f895 elementor-widget elementor-widget-text-editor\" data-id=\"1d65f895\" data-element_type=\"widget\" data-widget_type=\"text-editor.default\">\n\t\t\t\t<div class=\"elementor-widget-container\">\n\t\t\t<style>\/*! elementor - v3.12.2 - 23-04-2023 *\/\n.elementor-widget-text-editor.elementor-drop-cap-view-stacked .elementor-drop-cap{background-color:#69727d;color:#fff}.elementor-widget-text-editor.elementor-drop-cap-view-framed .elementor-drop-cap{color:#69727d;border:3px solid;background-color:transparent}.elementor-widget-text-editor:not(.elementor-drop-cap-view-default) .elementor-drop-cap{margin-top:8px}.elementor-widget-text-editor:not(.elementor-drop-cap-view-default) .elementor-drop-cap-letter{width:1em;height:1em}.elementor-widget-text-editor .elementor-drop-cap{float:left;text-align:center;line-height:1;font-size:50px}.elementor-widget-text-editor .elementor-drop-cap-letter{display:inline-block}<\/style>\t\t\t\t<p><strong>Capacita\u00e7\u00e3o em T\u00e9cnicas Sustent\u00e1veis com Bambu<\/strong><\/p><p><strong>Comunidade Terap\u00eautica Coterem \u2013 Mariana, MG<\/strong><\/p>\t\t\t\t\t\t<\/div>\n\t\t\t\t<\/div>\n\t\t\t\t<div class=\"elementor-element elementor-element-2e31677b elementor-widget elementor-widget-text-editor\" data-id=\"2e31677b\" data-element_type=\"widget\" data-widget_type=\"text-editor.default\">\n\t\t\t\t<div class=\"elementor-widget-container\">\n\t\t\t\t\t\t\t<p>Com patroc\u00ednio da Cedro Minera\u00e7\u00e3o, a iniciativa, criada em 2022, chega \u00e0 4\u00aa edi\u00e7\u00e3o.<\/p><p>\u00a0<\/p><p>Bambu: vegetal abundante em Minas Gerais, \u00e9 mat\u00e9ria prima do projeto Bamboo que, at\u00e9 julho, oferece o curso de Capacita\u00e7\u00e3o de Manuseio, Tratamento e Confec\u00e7\u00e3o de Objetos de Bambu, em Mariana (MG). O objetivo \u00e9 profissionalizar a m\u00e3o de obra local para cria\u00e7\u00e3o de produtos que ser\u00e3o comercializados em lojas parceiras, visando a gera\u00e7\u00e3o de renda sustent\u00e1vel e o incentivo para a continuidade das atividades. Com dura\u00e7\u00e3o de tr\u00eas meses, o curso ser\u00e1 ministrado pelo arquiteto, urbanista e professor Fl\u00e1vio Negr\u00e3o e conta com a participa\u00e7\u00e3o do designer Sergio Stark, como palestrante e curador do projeto.<\/p><p>\u00a0<\/p><p>Nesta edi\u00e7\u00e3o, \u201cBamboo\u201d ser\u00e1 realizado em parceria com a Comunidade Terap\u00eautica Emanuel (Coterem). Localizada em Mariana (MG), a comunidade oferece alternativas para a recupera\u00e7\u00e3o de dependentes qu\u00edmicos, gerando um impacto social positivo na regi\u00e3o. O curso conta com 12 aulas, te\u00f3ricas e pr\u00e1ticas e, ao final, todos os participantes recebem o certificado de conclus\u00e3o. Esta prevista ainda a instala\u00e7\u00e3o de uma oficina que ser\u00e1 doada \u00e0 Coterem, ao final do projeto, para garantir a continuidade das atividades.<\/p><p>\u00a0<\/p><p>Fl\u00e1vio Negr\u00e3o: Professor Respons\u00e1vel<br \/>Sergio Stark: Design (Curador do projeto)<\/p>\t\t\t\t\t\t<\/div>\n\t\t\t\t<\/div>\n\t\t\t\t<div class=\"elementor-element elementor-element-95e219f elementor-widget elementor-widget-heading\" data-id=\"95e219f\" data-element_type=\"widget\" data-widget_type=\"heading.default\">\n\t\t\t\t<div class=\"elementor-widget-container\">\n\t\t\t<h4 class=\"elementor-heading-title elementor-size-default\">Edi\u00e7\u00f5es Anteriores<\/h4>\t\t<\/div>\n\t\t\t\t<\/div>\n\t\t\t\t<div class=\"elementor-element elementor-element-1cc5d222 elementor-widget elementor-widget-text-editor\" data-id=\"1cc5d222\" data-element_type=\"widget\" data-widget_type=\"text-editor.default\">\n\t\t\t\t<div class=\"elementor-widget-container\">\n\t\t\t\t\t\t\t<p>2022: Acuru\u00ed<\/p><p>2023: Bar\u00e3o de Cocais l Acuru\u00ed l Ribeir\u00e3o do Eixo<\/p><p>2024: Campo Formoso<\/p>\t\t\t\t\t\t<\/div>\n\t\t\t\t<\/div>\n\t\t\t\t<div class=\"elementor-element elementor-element-1927afd1 elementor-widget elementor-widget-heading\" data-id=\"1927afd1\" data-element_type=\"widget\" data-widget_type=\"heading.default\">\n\t\t\t\t<div class=\"elementor-widget-container\">\n\t\t\t<h4 class=\"elementor-heading-title elementor-size-default\">MAT\u00c9RIA-PRIMA ABUNDANTE<\/h4>\t\t<\/div>\n\t\t\t\t<\/div>\n\t\t\t\t<div class=\"elementor-element elementor-element-26c942a elementor-widget elementor-widget-text-editor\" data-id=\"26c942a\" data-element_type=\"widget\" data-widget_type=\"text-editor.default\">\n\t\t\t\t<div class=\"elementor-widget-container\">\n\t\t\t\t\t\t\t<p>De acordo com Negr\u00e3o, o uso do bambu como recurso renov\u00e1vel integra o processo criativo e produtivo do design, al\u00e9m de oferecer in\u00fameras vantagens econ\u00f4micas e ambientais.<\/p><p>\u00a0<\/p><p><em>\u201cO bambu \u00e9 um vegetal de r\u00e1pida regenera\u00e7\u00e3o e crescimento, se comparado a outros agentes naturais como a madeira. O seu r\u00e1pido crescimento, necessitando um per\u00edodo de tr\u00eas a quatro <\/em><em>anos para o amadurecimento, conciliado com a necessidade de poda das varas maduras como estrat\u00e9gia de fortalecimento do bambuzal, permite que se tenha alta produtividade com preserva\u00e7\u00e3o\u201d<\/em>, explica o professor.<\/p><p>\u00a0<\/p><p>Estas caracter\u00edsticas, segundo ele, podem ser evidenciadas na m\u00e9dia de produ\u00e7\u00e3o de biomassa de um bambuzal, que gira em torno de 10 toneladas por hectare, e na sua facilidade de plantio, manuten\u00e7\u00e3o e colheita, n\u00e3o necessitando t\u00e9cnicas complexas e onerosas para o seu cultivo.<\/p><p>\u00a0<\/p><p>Negr\u00e3o explica ainda que a boa resist\u00eancia mec\u00e2nica, compress\u00e3o e, principalmente, a tra\u00e7\u00e3o do bambu, al\u00e9m da sua caracter\u00edstica f\u00edsica \u2013 linear e leve -, permite a sua aplica\u00e7\u00e3o nos v\u00e1rios setores que envolvem a ind\u00fastria do design.<\/p><p>Na avalia\u00e7\u00e3o do professor, consumir os recursos naturais, na busca de solu\u00e7\u00f5es que visam satisfazer as necessidades do presente n\u00e3o comprometendo as gera\u00e7\u00f5es futuras, conduz o pensamento dentro dos conceitos da sustentabilidade, na percep\u00e7\u00e3o da import\u00e2ncia de solu\u00e7\u00f5es menos impactantes. <em>\u201cEsta reflex\u00e3o nos faz acreditar que o bambu pode ser um <\/em><em>material importante na busca deste equil\u00edbrio ambiental\u201d<\/em>, defende Negr\u00e3o.<\/p>\t\t\t\t\t\t<\/div>\n\t\t\t\t<\/div>\n\t\t\t\t\t<\/div>\n\t\t<\/div>\n\t\t\t\t\t\t\t<\/div>\n\t\t<\/section>\n\t\t\t\t<section class=\"elementor-section elementor-top-section elementor-element elementor-element-5d56fd90 elementor-section-boxed elementor-section-height-default elementor-section-height-default\" data-id=\"5d56fd90\" data-element_type=\"section\" data-settings=\"{&quot;background_background&quot;:&quot;classic&quot;}\">\n\t\t\t\t\t\t<div class=\"elementor-container elementor-column-gap-default\">\n\t\t\t\t\t<div class=\"elementor-column elementor-col-100 elementor-top-column elementor-element elementor-element-66cb75e3\" data-id=\"66cb75e3\" data-element_type=\"column\">\n\t\t\t<div class=\"elementor-widget-wrap elementor-element-populated\">\n\t\t\t\t\t\t\t\t<div class=\"elementor-element elementor-element-8a5dad2 elementor-widget elementor-widget-spacer\" data-id=\"8a5dad2\" data-element_type=\"widget\" data-widget_type=\"spacer.default\">\n\t\t\t\t<div class=\"elementor-widget-container\">\n\t\t\t<style>\/*! elementor - v3.12.2 - 23-04-2023 *\/\n.elementor-column .elementor-spacer-inner{height:var(--spacer-size)}.e-con{--container-widget-width:100%}.e-con-inner>.elementor-widget-spacer,.e-con>.elementor-widget-spacer{width:var(--container-widget-width,var(--spacer-size));--align-self:var(--container-widget-align-self,initial);--flex-shrink:0}.e-con-inner>.elementor-widget-spacer>.elementor-widget-container,.e-con-inner>.elementor-widget-spacer>.elementor-widget-container>.elementor-spacer,.e-con>.elementor-widget-spacer>.elementor-widget-container,.e-con>.elementor-widget-spacer>.elementor-widget-container>.elementor-spacer{height:100%}.e-con-inner>.elementor-widget-spacer>.elementor-widget-container>.elementor-spacer>.elementor-spacer-inner,.e-con>.elementor-widget-spacer>.elementor-widget-container>.elementor-spacer>.elementor-spacer-inner{height:var(--container-widget-height,var(--spacer-size))}<\/style>\t\t<div class=\"elementor-spacer\">\n\t\t\t<div class=\"elementor-spacer-inner\"><\/div>\n\t\t<\/div>\n\t\t\t\t<\/div>\n\t\t\t\t<\/div>\n\t\t\t\t\t<\/div>\n\t\t<\/div>\n\t\t\t\t\t\t\t<\/div>\n\t\t<\/section>\n\t\t\t\t\t\t\t<\/div>\n\t\t","protected":false},"excerpt":{"rendered":"<p>SOBRE O PROJETO BAMBOO Capacita\u00e7\u00e3o em T\u00e9cnicas Sustent\u00e1veis com Bambu Comunidade Terap\u00eautica Coterem \u2013 Mariana, MG Com patroc\u00ednio da Cedro Minera\u00e7\u00e3o, a iniciativa, criada em 2022, chega \u00e0 4\u00aa edi\u00e7\u00e3o. \u00a0 Bambu: vegetal abundante em Minas Gerais, \u00e9 mat\u00e9ria prima do projeto Bamboo que, at\u00e9 julho, oferece o curso de Capacita\u00e7\u00e3o de Manuseio, Tratamento e&hellip; <a class=\"more-link\" href=\"https:\/\/projetobamboo.com\/index.php\/sobre-o-projeto\/\">Continue reading <span class=\"screen-reader-text\">Sobre o projeto<\/span><\/a><\/p>\n","protected":false},"author":1,"featured_media":0,"parent":0,"menu_order":0,"comment_status":"closed","ping_status":"closed","template":"elementor_header_footer","meta":{"footnotes":""},"class_list":["post-760","page","type-page","status-publish","hentry","entry"],"_links":{"self":[{"href":"https:\/\/projetobamboo.com\/index.php\/wp-json\/wp\/v2\/pages\/760","targetHints":{"allow":["GET"]}}],"collection":[{"href":"https:\/\/projetobamboo.com\/index.php\/wp-json\/wp\/v2\/pages"}],"about":[{"href":"https:\/\/projetobamboo.com\/index.php\/wp-json\/wp\/v2\/types\/page"}],"author":[{"embeddable":true,"href":"https:\/\/projetobamboo.com\/index.php\/wp-json\/wp\/v2\/users\/1"}],"replies":[{"embeddable":true,"href":"https:\/\/projetobamboo.com\/index.php\/wp-json\/wp\/v2\/comments?post=760"}],"version-history":[{"count":13,"href":"https:\/\/projetobamboo.com\/index.php\/wp-json\/wp\/v2\/pages\/760\/revisions"}],"predecessor-version":[{"id":961,"href":"https:\/\/projetobamboo.com\/index.php\/wp-json\/wp\/v2\/pages\/760\/revisions\/961"}],"wp:attachment":[{"href":"https:\/\/projetobamboo.com\/index.php\/wp-json\/wp\/v2\/media?parent=760"}],"curies":[{"name":"wp","href":"https:\/\/api.w.org\/{rel}","templated":true}]}}

<div data-elementor-type="wp-page" data-elementor-id="760" class="elementor elementor-760">
									<section class="elementor-section elementor-top-section elementor-element elementor-element-283fb20d elementor-section-boxed elementor-section-height-default elementor-section-height-default" data-id="283fb20d" data-element_type="section" data-settings="{&quot;background_background&quot;:&quot;classic&quot;}">
							<div class="elementor-background-overlay"></div>
							<div class="elementor-container elementor-column-gap-default">
					<div class="elementor-column elementor-col-100 elementor-top-column elementor-element elementor-element-387c98ae" data-id="387c98ae" data-element_type="column">
			<div class="elementor-widget-wrap elementor-element-populated">
								<div class="elementor-element elementor-element-425a782c elementor-widget elementor-widget-heading" data-id="425a782c" data-element_type="widget" data-widget_type="heading.default">
				<div class="elementor-widget-container">
			<style>/*! elementor - v3.12.2 - 23-04-2023 */
.elementor-heading-title{padding:0;margin:0;line-height:1}.elementor-widget-heading .elementor-heading-title[class*=elementor-size-]>a{color:inherit;font-size:inherit;line-height:inherit}.elementor-widget-heading .elementor-heading-title.elementor-size-small{font-size:15px}.elementor-widget-heading .elementor-heading-title.elementor-size-medium{font-size:19px}.elementor-widget-heading .elementor-heading-title.elementor-size-large{font-size:29px}.elementor-widget-heading .elementor-heading-title.elementor-size-xl{font-size:39px}.elementor-widget-heading .elementor-heading-title.elementor-size-xxl{font-size:59px}</style><h2 class="elementor-heading-title elementor-size-default">SOBRE O PROJETO BAMBOO</h2>		</div>
				</div>
					</div>
		</div>
							</div>
		</section>
				<section class="elementor-section elementor-top-section elementor-element elementor-element-3e3ac33e elementor-section-boxed elementor-section-height-default elementor-section-height-default" data-id="3e3ac33e" data-element_type="section" data-settings="{&quot;background_background&quot;:&quot;classic&quot;}">
							<div class="elementor-background-overlay"></div>
							<div class="elementor-container elementor-column-gap-default">
					<div class="elementor-column elementor-col-100 elementor-top-column elementor-element elementor-element-53d94f6c" data-id="53d94f6c" data-element_type="column">
			<div class="elementor-widget-wrap elementor-element-populated">
								<div class="elementor-element elementor-element-1d65f895 elementor-widget elementor-widget-text-editor" data-id="1d65f895" data-element_type="widget" data-widget_type="text-editor.default">
				<div class="elementor-widget-container">
			<style>/*! elementor - v3.12.2 - 23-04-2023 */
.elementor-widget-text-editor.elementor-drop-cap-view-stacked .elementor-drop-cap{background-color:#69727d;color:#fff}.elementor-widget-text-editor.elementor-drop-cap-view-framed .elementor-drop-cap{color:#69727d;border:3px solid;background-color:transparent}.elementor-widget-text-editor:not(.elementor-drop-cap-view-default) .elementor-drop-cap{margin-top:8px}.elementor-widget-text-editor:not(.elementor-drop-cap-view-default) .elementor-drop-cap-letter{width:1em;height:1em}.elementor-widget-text-editor .elementor-drop-cap{float:left;text-align:center;line-height:1;font-size:50px}.elementor-widget-text-editor .elementor-drop-cap-letter{display:inline-block}</style>				<p><strong>Capacitação em Técnicas Sustentáveis com Bambu</strong></p><p><strong>Comunidade Terapêutica Coterem – Mariana, MG</strong></p>						</div>
				</div>
				<div class="elementor-element elementor-element-2e31677b elementor-widget elementor-widget-text-editor" data-id="2e31677b" data-element_type="widget" data-widget_type="text-editor.default">
				<div class="elementor-widget-container">
							<p>Com patrocínio da Cedro Mineração, a iniciativa, criada em 2022, chega à 4ª edição.</p><p> </p><p>Bambu: vegetal abundante em Minas Gerais, é matéria prima do projeto Bamboo que, até julho, oferece o curso de Capacitação de Manuseio, Tratamento e Confecção de Objetos de Bambu, em Mariana (MG). O objetivo é profissionalizar a mão de obra local para criação de produtos que serão comercializados em lojas parceiras, visando a geração de renda sustentável e o incentivo para a continuidade das atividades. Com duração de três meses, o curso será ministrado pelo arquiteto, urbanista e professor Flávio Negrão e conta com a participação do designer Sergio Stark, como palestrante e curador do projeto.</p><p> </p><p>Nesta edição, “Bamboo” será realizado em parceria com a Comunidade Terapêutica Emanuel (Coterem). Localizada em Mariana (MG), a comunidade oferece alternativas para a recuperação de dependentes químicos, gerando um impacto social positivo na região. O curso conta com 12 aulas, teóricas e práticas e, ao final, todos os participantes recebem o certificado de conclusão. Esta prevista ainda a instalação de uma oficina que será doada à Coterem, ao final do projeto, para garantir a continuidade das atividades.</p><p> </p><p>Flávio Negrão: Professor Responsável<br />Sergio Stark: Design (Curador do projeto)</p>						</div>
				</div>
				<div class="elementor-element elementor-element-95e219f elementor-widget elementor-widget-heading" data-id="95e219f" data-element_type="widget" data-widget_type="heading.default">
				<div class="elementor-widget-container">
			<h4 class="elementor-heading-title elementor-size-default">Edições Anteriores</h4>		</div>
				</div>
				<div class="elementor-element elementor-element-1cc5d222 elementor-widget elementor-widget-text-editor" data-id="1cc5d222" data-element_type="widget" data-widget_type="text-editor.default">
				<div class="elementor-widget-container">
							<p>2022: Acuruí</p><p>2023: Barão de Cocais l Acuruí l Ribeirão do Eixo</p><p>2024: Campo Formoso</p>						</div>
				</div>
				<div class="elementor-element elementor-element-1927afd1 elementor-widget elementor-widget-heading" data-id="1927afd1" data-element_type="widget" data-widget_type="heading.default">
				<div class="elementor-widget-container">
			<h4 class="elementor-heading-title elementor-size-default">MATÉRIA-PRIMA ABUNDANTE</h4>		</div>
				</div>
				<div class="elementor-element elementor-element-26c942a elementor-widget elementor-widget-text-editor" data-id="26c942a" data-element_type="widget" data-widget_type="text-editor.default">
				<div class="elementor-widget-container">
							<p>De acordo com Negrão, o uso do bambu como recurso renovável integra o processo criativo e produtivo do design, além de oferecer inúmeras vantagens econômicas e ambientais.</p><p> </p><p><em>“O bambu é um vegetal de rápida regeneração e crescimento, se comparado a outros agentes naturais como a madeira. O seu rápido crescimento, necessitando um período de três a quatro </em><em>anos para o amadurecimento, conciliado com a necessidade de poda das varas maduras como estratégia de fortalecimento do bambuzal, permite que se tenha alta produtividade com preservação”</em>, explica o professor.</p><p> </p><p>Estas características, segundo ele, podem ser evidenciadas na média de produção de biomassa de um bambuzal, que gira em torno de 10 toneladas por hectare, e na sua facilidade de plantio, manutenção e colheita, não necessitando técnicas complexas e onerosas para o seu cultivo.</p><p> </p><p>Negrão explica ainda que a boa resistência mecânica, compressão e, principalmente, a tração do bambu, além da sua característica física – linear e leve -, permite a sua aplicação nos vários setores que envolvem a indústria do design.</p><p>Na avaliação do professor, consumir os recursos naturais, na busca de soluções que visam satisfazer as necessidades do presente não comprometendo as gerações futuras, conduz o pensamento dentro dos conceitos da sustentabilidade, na percepção da importância de soluções menos impactantes. <em>“Esta reflexão nos faz acreditar que o bambu pode ser um </em><em>material importante na busca deste equilíbrio ambiental”</em>, defende Negrão.</p>						</div>
				</div>
					</div>
		</div>
							</div>
		</section>
				<section class="elementor-section elementor-top-section elementor-element elementor-element-5d56fd90 elementor-section-boxed elementor-section-height-default elementor-section-height-default" data-id="5d56fd90" data-element_type="section" data-settings="{&quot;background_background&quot;:&quot;classic&quot;}">
						<div class="elementor-container elementor-column-gap-default">
					<div class="elementor-column elementor-col-100 elementor-top-column elementor-element elementor-element-66cb75e3" data-id="66cb75e3" data-element_type="column">
			<div class="elementor-widget-wrap elementor-element-populated">
								<div class="elementor-element elementor-element-8a5dad2 elementor-widget elementor-widget-spacer" data-id="8a5dad2" data-element_type="widget" data-widget_type="spacer.default">
				<div class="elementor-widget-container">
			<style>/*! elementor - v3.12.2 - 23-04-2023 */
.elementor-column .elementor-spacer-inner{height:var(--spacer-size)}.e-con{--container-widget-width:100%}.e-con-inner>.elementor-widget-spacer,.e-con>.elementor-widget-spacer{width:var(--container-widget-width,var(--spacer-size));--align-self:var(--container-widget-align-self,initial);--flex-shrink:0}.e-con-inner>.elementor-widget-spacer>.elementor-widget-container,.e-con-inner>.elementor-widget-spacer>.elementor-widget-container>.elementor-spacer,.e-con>.elementor-widget-spacer>.elementor-widget-container,.e-con>.elementor-widget-spacer>.elementor-widget-container>.elementor-spacer{height:100%}.e-con-inner>.elementor-widget-spacer>.elementor-widget-container>.elementor-spacer>.elementor-spacer-inner,.e-con>.elementor-widget-spacer>.elementor-widget-container>.elementor-spacer>.elementor-spacer-inner{height:var(--container-widget-height,var(--spacer-size))}</style>		<div class="elementor-spacer">
			<div class="elementor-spacer-inner"></div>
		</div>
				</div>
				</div>
					</div>
		</div>
							</div>
		</section>
							</div>

<p>SOBRE O PROJETO BAMBOO Capacitação em Técnicas Sustentáveis com Bambu Comunidade Terapêutica Coterem – Mariana, MG Com patrocínio da Cedro Mineração, a iniciativa, criada em 2022, chega à 4ª edição.   Bambu: vegetal abundante em Minas Gerais, é matéria prima do projeto Bamboo que, até julho, oferece o curso de Capacitação de Manuseio, Tratamento e&hellip; <a class="more-link" href="https://projetobamboo.com/index.php/sobre-o-projeto/">Continue reading <span class="screen-reader-text">Sobre o projeto</span></a></p>
